{"id":4958,"date":"2022-12-21T13:18:15","date_gmt":"2022-12-21T12:18:15","guid":{"rendered":"http:\/\/schwedter-heimatverein.de\/?page_id=4958"},"modified":"2024-06-25T11:42:47","modified_gmt":"2024-06-25T09:42:47","slug":"veranstaltungsplan-2020-2","status":"publish","type":"page","link":"http:\/\/schwedter-heimatverein.de\/?page_id=4958","title":{"rendered":"Veranstaltungsplan 2024"},"content":{"rendered":"\n<p><\/p>\n\n\n\n<p><strong>Juni<\/strong> &#8211; 29.06.2024<br>Tagesfahrt Tagesfahrt Wustrau + Mildenberg<br>Info: Bei Interesse bei der Touristinformation anmelden, f\u00fcr<br>Vereinsmitglieder sind 20 Pl\u00e4tze bis 30.04.2024 reserviert.<br>Bei der Anmeldung bitte angeben, wenn man Vereinsmitglied ist.<br>Kosten: 53,00 Euro pro Teilnehmer, exklusive Speisen und Getr\u00e4nke vor Ort<br>V.: Frau H\u00f6ppner<br><\/p>\n\n\n\n<p>Kosten: 53,00 Euro pro Teilnehmer, exklusive Speisen und Getr\u00e4nke vor Ort<br>V.: Frau H\u00f6ppner<\/p>\n\n\n\n<p><strong>Juli<\/strong> &#8211; 01.07.2024<br><br>Mitgliederversammlung zur Vereinsfusion und Wahl des<br>gemeinsamen Vorstandes<br>Zeit und Ort werden rechtzeitig mitgeteilt<br>V.: Frau H\u00f6ppner<\/p>\n\n\n\n<p><strong>August Sommerpause<\/strong> &#x263a;<\/p>\n\n\n\n<p><strong>September<\/strong> &#8211; 21.09.2024<br><br>Tagesfahrt zum Ostwall nach Meseritz + Gorz\u00f3w<br>Anmeldungen im Reiseb\u00fcro Reiseland Polen GmbH, Bootsweg 4<br>Mitglieder legen bei Anmeldung bitte den Mitgliedsausweis vor.<br><br>V.: Herr Thiemer<br><\/p>\n","protected":false},"excerpt":{"rendered":"<p>Juni &#8211; 29.06.2024Tagesfahrt Tagesfahrt Wustrau + MildenbergInfo: Bei Interesse bei der Touristinformation anmelden, f\u00fcrVereinsmitglieder sind 20 Pl\u00e4tze bis 30.04.2024 reserviert.Bei der Anmeldung bitte angeben, wenn man Vereinsmitglied ist.Kosten: 53,00 Euro pro Teilnehmer, exklusive Speisen und Getr\u00e4nke vor OrtV.: Frau H\u00f6ppner Kosten: 53,00 Euro pro Teilnehmer, exklusive Speisen und Getr\u00e4nke vor OrtV.: Frau H\u00f6ppner Juli &#8211; &hellip; <a href=\"http:\/\/schwedter-heimatverein.de\/?page_id=4958\" class=\"more-link\"><span class=\"screen-reader-text\">Veranstaltungsplan 2024<\/span> weiterlesen<\/a><\/p>\n","protected":false},"author":1,"featured_media":0,"parent":0,"menu_order":0,"comment_status":"closed","ping_status":"closed","template":"","meta":{"ngg_post_thumbnail":0,"footnotes":""},"class_list":["post-4958","page","type-page","status-publish","hentry"],"_links":{"self":[{"href":"http:\/\/schwedter-heimatverein.de\/index.php?rest_route=\/wp\/v2\/pages\/4958","targetHints":{"allow":["GET"]}}],"collection":[{"href":"http:\/\/schwedter-heimatverein.de\/index.php?rest_route=\/wp\/v2\/pages"}],"about":[{"href":"http:\/\/schwedter-heimatverein.de\/index.php?rest_route=\/wp\/v2\/types\/page"}],"author":[{"embeddable":true,"href":"http:\/\/schwedter-heimatverein.de\/index.php?rest_route=\/wp\/v2\/users\/1"}],"replies":[{"embeddable":true,"href":"http:\/\/schwedter-heimatverein.de\/index.php?rest_route=%2Fwp%2Fv2%2Fcomments&post=4958"}],"version-history":[{"count":22,"href":"http:\/\/schwedter-heimatverein.de\/index.php?rest_route=\/wp\/v2\/pages\/4958\/revisions"}],"predecessor-version":[{"id":5032,"href":"http:\/\/schwedter-heimatverein.de\/index.php?rest_route=\/wp\/v2\/pages\/4958\/revisions\/5032"}],"wp:attachment":[{"href":"http:\/\/schwedter-heimatverein.de\/index.php?rest_route=%2Fwp%2Fv2%2Fmedia&parent=4958"}],"curies":[{"name":"wp","href":"https:\/\/api.w.org\/{rel}","templated":true}]}}