{"id":4943,"date":"2022-10-26T19:34:46","date_gmt":"2022-10-26T17:34:46","guid":{"rendered":"http:\/\/schwedter-heimatverein.de\/?page_id=4943"},"modified":"2022-10-26T19:34:46","modified_gmt":"2022-10-26T17:34:46","slug":"__trashed-2","status":"publish","type":"page","link":"http:\/\/schwedter-heimatverein.de\/?page_id=4943","title":{"rendered":"Schwedter Geschichte(n) 2022"},"content":{"rendered":"\n<p><div class=\"wp-block-image\"><figure class=\"aligncenter\"><img decoding=\"async\" src=\"http:\/\/schwedter-heimatverein.de\/wp-content\/uploads\/2022\/10\/SGeschichten_2022_int.jpg\" alt=\"Schwedter Geschichte(n)\" class=\"wp-image-4670\"\/><figcaption><p>Preis 10,00 \u20ac<\/p><\/figcaption><\/figure><\/div><\/p>\n\n\n\n<p>Inhalt (2022) <br><\/p>\n\n\n\n<ul class=\"wp-block-list\"><li>D. H\u00f6ppner: Liebe Heimatfreunde<\/li><li>M. Feine: Der unbekannte Prinz<\/li><li>A. Franke: Die Schwedter Dragoner im Ersten Weltkrieg<\/li><li>L. Libert: Schwedt hatte anfangs kein Interesse an eigenem Amtsgericht<\/li><li>H. Sichtig: Der Mordfall Fritz Gutmann<\/li><li>J. Kleeberg: Monplaisir &#8211; die Vereinigung der beiden gro\u00dfen Gartenkunststile<\/li><li>R. Schmidt: So wier`&#8217;t mol eens up de<\/li><li>R. B\u00f6nisch: Ein unsichtbares Credo an den Emporenbr\u00fcstungen (Dorfkirche Kunow)<\/li><li>G. Richter: Nach \u00fcber 100 Jahren: Stummer Kirchturm erh\u00e4lt neue Glocken<\/li><li>J. Thiemer: Eine Hommage an die Natur<\/li><li>W. Ehrhardt: Schwedter Markenheftchen sorgten in der DDR f\u00fcr Wirbel<\/li><li>K. Bo\u00dfdorf: Neue Kunstsch\u00e4tze f\u00fcr das Schwedter Stadtmuseum<\/li><\/ul>\n\n\n\n<p>112 Seiten<br>Herausgeber: Schwedter Heimatverein e. V.  <br>Druck: Druckerei Wippold  <br><\/p>\n","protected":false},"excerpt":{"rendered":"<p>Preis 10,00 \u20ac Inhalt (2022) D. H\u00f6ppner: Liebe Heimatfreunde M. Feine: Der unbekannte Prinz A. Franke: Die Schwedter Dragoner im Ersten Weltkrieg L. Libert: Schwedt hatte anfangs kein Interesse an eigenem Amtsgericht H. Sichtig: Der Mordfall Fritz Gutmann J. Kleeberg: Monplaisir &#8211; die Vereinigung der beiden gro\u00dfen Gartenkunststile R. Schmidt: So wier`&#8217;t mol eens up &hellip; <a href=\"http:\/\/schwedter-heimatverein.de\/?page_id=4943\" class=\"more-link\"><span class=\"screen-reader-text\">Schwedter Geschichte(n) 2022<\/span> weiterlesen<\/a><\/p>\n","protected":false},"author":1,"featured_media":0,"parent":4464,"menu_order":0,"comment_status":"closed","ping_status":"closed","template":"","meta":{"ngg_post_thumbnail":0,"footnotes":""},"class_list":["post-4943","page","type-page","status-publish","hentry"],"_links":{"self":[{"href":"http:\/\/schwedter-heimatverein.de\/index.php?rest_route=\/wp\/v2\/pages\/4943","targetHints":{"allow":["GET"]}}],"collection":[{"href":"http:\/\/schwedter-heimatverein.de\/index.php?rest_route=\/wp\/v2\/pages"}],"about":[{"href":"http:\/\/schwedter-heimatverein.de\/index.php?rest_route=\/wp\/v2\/types\/page"}],"author":[{"embeddable":true,"href":"http:\/\/schwedter-heimatverein.de\/index.php?rest_route=\/wp\/v2\/users\/1"}],"replies":[{"embeddable":true,"href":"http:\/\/schwedter-heimatverein.de\/index.php?rest_route=%2Fwp%2Fv2%2Fcomments&post=4943"}],"version-history":[{"count":5,"href":"http:\/\/schwedter-heimatverein.de\/index.php?rest_route=\/wp\/v2\/pages\/4943\/revisions"}],"predecessor-version":[{"id":4949,"href":"http:\/\/schwedter-heimatverein.de\/index.php?rest_route=\/wp\/v2\/pages\/4943\/revisions\/4949"}],"up":[{"embeddable":true,"href":"http:\/\/schwedter-heimatverein.de\/index.php?rest_route=\/wp\/v2\/pages\/4464"}],"wp:attachment":[{"href":"http:\/\/schwedter-heimatverein.de\/index.php?rest_route=%2Fwp%2Fv2%2Fmedia&parent=4943"}],"curies":[{"name":"wp","href":"https:\/\/api.w.org\/{rel}","templated":true}]}}