{"id":4714,"date":"2019-09-13T18:54:37","date_gmt":"2019-09-13T16:54:37","guid":{"rendered":"https:\/\/schwedter-heimatverein.de\/?page_id=4714"},"modified":"2019-09-13T19:03:24","modified_gmt":"2019-09-13T17:03:24","slug":"schwedt-an-der-oder-1670-1945","status":"publish","type":"page","link":"http:\/\/schwedter-heimatverein.de\/?page_id=4714","title":{"rendered":"Schwedt an der Oder 1670 &#8211; 1945"},"content":{"rendered":"\n<div class=\"wp-block-image\"><figure class=\"aligncenter\"><img loading=\"lazy\" decoding=\"async\" width=\"320\" height=\"320\" src=\"https:\/\/schwedter-heimatverein.de\/wp-content\/uploads\/2019\/09\/Buch-Schwedt_1670_1945int.jpg\" alt=\"\" class=\"wp-image-4673\" srcset=\"http:\/\/schwedter-heimatverein.de\/wp-content\/uploads\/2019\/09\/Buch-Schwedt_1670_1945int.jpg 320w, http:\/\/schwedter-heimatverein.de\/wp-content\/uploads\/2019\/09\/Buch-Schwedt_1670_1945int-150x150.jpg 150w, http:\/\/schwedter-heimatverein.de\/wp-content\/uploads\/2019\/09\/Buch-Schwedt_1670_1945int-300x300.jpg 300w\" sizes=\"auto, (max-width: 320px) 100vw, 320px\" \/><figcaption>Preis 9,90 \u20ac<\/figcaption><\/figure><\/div>\n\n\n\n<p> Inhalt (2011)<\/p>\n\n\n\n<ul class=\"wp-block-list\"><li>&#8211; 1265 (Jahr der Ersterw\u00e4hnung) bis 1670 &nbsp;&nbsp; Die mittelalterliche Stadt<\/li><li>&#8211; 1670 bis 1788 &nbsp; Neugestaltung als markgr\u00e4fliche Residenzstadt<\/li><li>&#8211; 1788 bis 1945 &nbsp; Ackerb\u00fcrger- und Garnisonsstadt<\/li><\/ul>\n\n\n\n<p>88 Seiten 9,90 \u20ac Herausgeber: Dr. Manfred L\u00fcbke, Eckehard Tattermusch Druck: Druckerei Wippold<\/p>\n\n\n\n<p><\/p>\n","protected":false},"excerpt":{"rendered":"<p>Inhalt (2011) &#8211; 1265 (Jahr der Ersterw\u00e4hnung) bis 1670 &nbsp;&nbsp; Die mittelalterliche Stadt &#8211; 1670 bis 1788 &nbsp; Neugestaltung als markgr\u00e4fliche Residenzstadt &#8211; 1788 bis 1945 &nbsp; Ackerb\u00fcrger- und Garnisonsstadt 88 Seiten 9,90 \u20ac Herausgeber: Dr. Manfred L\u00fcbke, Eckehard Tattermusch Druck: Druckerei Wippold<\/p>\n","protected":false},"author":1,"featured_media":0,"parent":4464,"menu_order":0,"comment_status":"closed","ping_status":"closed","template":"","meta":{"ngg_post_thumbnail":0,"footnotes":""},"class_list":["post-4714","page","type-page","status-publish","hentry"],"_links":{"self":[{"href":"http:\/\/schwedter-heimatverein.de\/index.php?rest_route=\/wp\/v2\/pages\/4714","targetHints":{"allow":["GET"]}}],"collection":[{"href":"http:\/\/schwedter-heimatverein.de\/index.php?rest_route=\/wp\/v2\/pages"}],"about":[{"href":"http:\/\/schwedter-heimatverein.de\/index.php?rest_route=\/wp\/v2\/types\/page"}],"author":[{"embeddable":true,"href":"http:\/\/schwedter-heimatverein.de\/index.php?rest_route=\/wp\/v2\/users\/1"}],"replies":[{"embeddable":true,"href":"http:\/\/schwedter-heimatverein.de\/index.php?rest_route=%2Fwp%2Fv2%2Fcomments&post=4714"}],"version-history":[{"count":4,"href":"http:\/\/schwedter-heimatverein.de\/index.php?rest_route=\/wp\/v2\/pages\/4714\/revisions"}],"predecessor-version":[{"id":4722,"href":"http:\/\/schwedter-heimatverein.de\/index.php?rest_route=\/wp\/v2\/pages\/4714\/revisions\/4722"}],"up":[{"embeddable":true,"href":"http:\/\/schwedter-heimatverein.de\/index.php?rest_route=\/wp\/v2\/pages\/4464"}],"wp:attachment":[{"href":"http:\/\/schwedter-heimatverein.de\/index.php?rest_route=%2Fwp%2Fv2%2Fmedia&parent=4714"}],"curies":[{"name":"wp","href":"https:\/\/api.w.org\/{rel}","templated":true}]}}

<div class="wp-block-image"><figure class="aligncenter"><img loading="lazy" decoding="async" width="320" height="320" src="https://schwedter-heimatverein.de/wp-content/uploads/2019/09/Buch-Schwedt_1670_1945int.jpg" alt="" class="wp-image-4673" srcset="http://schwedter-heimatverein.de/wp-content/uploads/2019/09/Buch-Schwedt_1670_1945int.jpg 320w, http://schwedter-heimatverein.de/wp-content/uploads/2019/09/Buch-Schwedt_1670_1945int-150x150.jpg 150w, http://schwedter-heimatverein.de/wp-content/uploads/2019/09/Buch-Schwedt_1670_1945int-300x300.jpg 300w" sizes="auto, (max-width: 320px) 100vw, 320px" /><figcaption>Preis 9,90 €</figcaption></figure></div>



<p> Inhalt (2011)</p>



<ul class="wp-block-list"><li>&#8211; 1265 (Jahr der Ersterwähnung) bis 1670 &nbsp;&nbsp; Die mittelalterliche Stadt</li><li>&#8211; 1670 bis 1788 &nbsp; Neugestaltung als markgräfliche Residenzstadt</li><li>&#8211; 1788 bis 1945 &nbsp; Ackerbürger- und Garnisonsstadt</li></ul>



<p>88 Seiten 9,90 € Herausgeber: Dr. Manfred Lübke, Eckehard Tattermusch Druck: Druckerei Wippold</p>



<p></p>

<p>Inhalt (2011) &#8211; 1265 (Jahr der Ersterwähnung) bis 1670 &nbsp;&nbsp; Die mittelalterliche Stadt &#8211; 1670 bis 1788 &nbsp; Neugestaltung als markgräfliche Residenzstadt &#8211; 1788 bis 1945 &nbsp; Ackerbürger- und Garnisonsstadt 88 Seiten 9,90 € Herausgeber: Dr. Manfred Lübke, Eckehard Tattermusch Druck: Druckerei Wippold</p>
