{"id":4506,"date":"2017-09-15T13:51:48","date_gmt":"2017-09-15T11:51:48","guid":{"rendered":"http:\/\/heimatverein.portal-schwedt.de\/?page_id=4506"},"modified":"2021-08-27T10:43:30","modified_gmt":"2021-08-27T08:43:30","slug":"heft-nr-7","status":"publish","type":"page","link":"http:\/\/schwedter-heimatverein.de\/?page_id=4506","title":{"rendered":"Schwedter Jahreshefte Nr. 7"},"content":{"rendered":"<p>&nbsp;<\/p>\n<p style=\"text-align: center;\"><img loading=\"lazy\" decoding=\"async\" class=\"alignnone size-full wp-image-4507\" src=\"http:\/\/schwedter-heimatverein.de\/wp-content\/uploads\/2017\/09\/heft7.jpg\" alt=\"\" width=\"170\" height=\"240\"><br \/>\nPreis 6,50 \u20ac<\/p>\n<p>Inhalt: (2011)<\/p>\n<ul>\n<li>Eine K\u00f6nigin in Schwedt &#8211; Die Besuche der K\u00f6nigin Luise bei Ihrer Schwester und auf dem Weg nach Ostpreu\u00dfen, von M. Feine<\/li>\n<li>Geschlossene Gesellschaft &#8211; Die Schwedter Freimaurer zur Zeit des Markgrafen Friedrich Heinrich, von G. Gerlach<\/li>\n<li>M\u00f6rwitz un sien Koater &#8211; Plattdeutsche Geschichte zur Fliederkreude, von R. Schmidt<\/li>\n<li>Scharfrichter in der Stadt &#8211; Die Autorin r\u00e4umt mit Mythen und Legenden auf, von I. Schumann<\/li>\n<li>Engagierte Publizisten &#8211; Buchdruckerfamilie gibt erste Zeitung heraus, von G. Freyhoff<\/li>\n<li>Winter an der Oder &#8211; Bericht von der Eisbeseitigung im Kriegswinter 1941\/42, von K. Heider<\/li>\n<li>Geplante Tr\u00e4ume &#8211; Extensive Stadterweiterung auf der &#8222;Oberen Talsandterrasse&#8220;, von Ch. Dielitzsch<\/li>\n<li>Viele Schwedter Treffen &#8211; Ein langes Wochenende f\u00fcr &#8222;Ausgewanderte&#8220; und &#8222;Daheimgebliebene&#8220;, von E. Brummund<\/li>\n<li>Gedenkblatt zum 200. Bestehen des Regiments (vor der Vernichtung gerettet)<\/li>\n<li>Sondermedaille und Sonderpostkarten (herausgegeben von der Fachgruppe Numismatik des Schwedter Kulturbundes e.V. zum Brandenburgtag in Schwedt)<\/li>\n<\/ul>\n<p>&nbsp;<\/p>\n","protected":false},"excerpt":{"rendered":"<p>&nbsp; Preis 6,50 \u20ac Inhalt: (2011) Eine K\u00f6nigin in Schwedt &#8211; Die Besuche der K\u00f6nigin Luise bei Ihrer Schwester und auf dem Weg nach Ostpreu\u00dfen, von M. Feine Geschlossene Gesellschaft &#8211; Die Schwedter Freimaurer zur Zeit des Markgrafen Friedrich Heinrich, von G. Gerlach M\u00f6rwitz un sien Koater &#8211; Plattdeutsche Geschichte zur Fliederkreude, von R. Schmidt &hellip; <a href=\"http:\/\/schwedter-heimatverein.de\/?page_id=4506\" class=\"more-link\"><span class=\"screen-reader-text\">Schwedter Jahreshefte Nr. 7<\/span> weiterlesen<\/a><\/p>\n","protected":false},"author":1,"featured_media":0,"parent":4464,"menu_order":2,"comment_status":"closed","ping_status":"closed","template":"","meta":{"ngg_post_thumbnail":0,"footnotes":""},"class_list":["post-4506","page","type-page","status-publish","hentry"],"_links":{"self":[{"href":"http:\/\/schwedter-heimatverein.de\/index.php?rest_route=\/wp\/v2\/pages\/4506","targetHints":{"allow":["GET"]}}],"collection":[{"href":"http:\/\/schwedter-heimatverein.de\/index.php?rest_route=\/wp\/v2\/pages"}],"about":[{"href":"http:\/\/schwedter-heimatverein.de\/index.php?rest_route=\/wp\/v2\/types\/page"}],"author":[{"embeddable":true,"href":"http:\/\/schwedter-heimatverein.de\/index.php?rest_route=\/wp\/v2\/users\/1"}],"replies":[{"embeddable":true,"href":"http:\/\/schwedter-heimatverein.de\/index.php?rest_route=%2Fwp%2Fv2%2Fcomments&post=4506"}],"version-history":[{"count":5,"href":"http:\/\/schwedter-heimatverein.de\/index.php?rest_route=\/wp\/v2\/pages\/4506\/revisions"}],"predecessor-version":[{"id":4811,"href":"http:\/\/schwedter-heimatverein.de\/index.php?rest_route=\/wp\/v2\/pages\/4506\/revisions\/4811"}],"up":[{"embeddable":true,"href":"http:\/\/schwedter-heimatverein.de\/index.php?rest_route=\/wp\/v2\/pages\/4464"}],"wp:attachment":[{"href":"http:\/\/schwedter-heimatverein.de\/index.php?rest_route=%2Fwp%2Fv2%2Fmedia&parent=4506"}],"curies":[{"name":"wp","href":"https:\/\/api.w.org\/{rel}","templated":true}]}}