{"id":4178,"date":"2017-09-13T16:39:23","date_gmt":"2017-09-13T14:39:23","guid":{"rendered":"http:\/\/heimatverein.portal-schwedt.de\/?page_id=4178"},"modified":"2021-02-04T13:08:04","modified_gmt":"2021-02-04T12:08:04","slug":"monplaisir","status":"publish","type":"page","link":"http:\/\/schwedter-heimatverein.de\/?page_id=4178","title":{"rendered":"Erinnerungsstein Monplaisir"},"content":{"rendered":"<p>Nach seinem Amtsantritt hat K\u00f6nig Friedrich Wilhelm III. zwar einen gro\u00dfen Teil der markgr\u00e4flichen Dom\u00e4ne ver\u00e4u\u00dfert, aber Schwedt und Wildenbruch blieben in seinem Besitz. Die Ver\u00e4u\u00dferungen erfolgten zugunsten des durch Kriegkontribution schwer belasteten Staatss\u00e4ckel&#8230; <a href=\"http:\/\/schwedter-heimatverein.de\/?page_id=4435\">weiterlesen<\/a><\/p>\nngg_shortcode_0_placeholder\n","protected":false},"excerpt":{"rendered":"<p>Nach seinem Amtsantritt hat K\u00f6nig Friedrich Wilhelm III. zwar einen gro\u00dfen Teil der markgr\u00e4flichen Dom\u00e4ne ver\u00e4u\u00dfert, aber Schwedt und Wildenbruch blieben in seinem Besitz. Die Ver\u00e4u\u00dferungen erfolgten zugunsten des durch Kriegkontribution schwer belasteten Staatss\u00e4ckel&#8230; weiterlesen<\/p>\n","protected":false},"author":1,"featured_media":0,"parent":3520,"menu_order":3,"comment_status":"closed","ping_status":"closed","template":"","meta":{"ngg_post_thumbnail":0,"footnotes":""},"class_list":["post-4178","page","type-page","status-publish","hentry"],"_links":{"self":[{"href":"http:\/\/schwedter-heimatverein.de\/index.php?rest_route=\/wp\/v2\/pages\/4178","targetHints":{"allow":["GET"]}}],"collection":[{"href":"http:\/\/schwedter-heimatverein.de\/index.php?rest_route=\/wp\/v2\/pages"}],"about":[{"href":"http:\/\/schwedter-heimatverein.de\/index.php?rest_route=\/wp\/v2\/types\/page"}],"author":[{"embeddable":true,"href":"http:\/\/schwedter-heimatverein.de\/index.php?rest_route=\/wp\/v2\/users\/1"}],"replies":[{"embeddable":true,"href":"http:\/\/schwedter-heimatverein.de\/index.php?rest_route=%2Fwp%2Fv2%2Fcomments&post=4178"}],"version-history":[{"count":5,"href":"http:\/\/schwedter-heimatverein.de\/index.php?rest_route=\/wp\/v2\/pages\/4178\/revisions"}],"predecessor-version":[{"id":4784,"href":"http:\/\/schwedter-heimatverein.de\/index.php?rest_route=\/wp\/v2\/pages\/4178\/revisions\/4784"}],"up":[{"embeddable":true,"href":"http:\/\/schwedter-heimatverein.de\/index.php?rest_route=\/wp\/v2\/pages\/3520"}],"wp:attachment":[{"href":"http:\/\/schwedter-heimatverein.de\/index.php?rest_route=%2Fwp%2Fv2%2Fmedia&parent=4178"}],"curies":[{"name":"wp","href":"https:\/\/api.w.org\/{rel}","templated":true}]}}